nder when 277 is divided by 40?
37
What is the remainder when 1910 is divided by 160?
150
Calculate the remainder when 154 is divided by 43.
25
What is the remainder when 73 is divided by 69?
4
Calculate the remainder when 4464 is divided by 557.
8
What is the remainder when 138 is divided by 28?
26
What is the remainder when 57 is divided by 8?
1
What is the remainder when 6618 is divided by 22?
18
Calculate the remainder when 277 is divided by 120.
37
Calculate the remainder when 3436 is divided by 93.
88
Calculate the remainder when 228 is divided by 18.
12
What is the remainder when 736 is divided by 344?
48
What is the remainder when 307 is divided by 33?
10
Calculate the remainder when 81 is divided by 22.
15
What is the remainder when 2144 is divided by 33?
32
Calculate the remainder when 97 is divided by 55.
42
Calculate the remainder when 64 is divided by 13.
12
What is the remainder when 11954 is divided by 46?
40
Calculate the remainder when 232 is divided by 53.
20
What is the remainder when 1712 is divided by 856?
0
What is the remainder when 177 is divided by 167?
10
Calculate the remainder when 31 is divided by 17.
14
What is the remainder when 1405 is divided by 33?
19
Calculate the remainder when 473 is divided by 453.
20
What is the remainder when 849 is divided by 50?
49
Calculate the remainder when 206 is divided by 45.
26
What is the remainder when 1796 is divided by 52?
28
Calculate the remainder when 91 is divided by 47.
44
What is the remainder when 119 is divided by 26?
15
What is the remainder when 232 is divided by 36?
16
What is the remainder when 301 is divided by 22?
15
Calculate the remainder when 361 is divided by 37.
28
What is the remainder when 638 is divided by 91?
1
Calculate the remainder when 287 is divided by 93.
8
What is the remainder when 1679 is divided by 154?
139
Calculate the remainder when 119 is divided by 30.
29
Calculate the remainder when 613 is divided by 5.
3
Calculate the remainder when 2254 is divided by 1126.
2
What is the remainder when 244 is divided by 77?
13
What is the remainder when 2454 is divided by 21?
18
What is the remainder when 4560 is divided by 27?
24
What is the remainder when 160 is divided by 27?
25
Calculate the remainder when 1232 is divided by 62.
54
What is the remainder when 146 is divided by 68?
10
Calculate the remainder when 1051 is divided by 238.
99
What is the remainder when 323 is divided by 65?
63
Calculate the remainder when 218 is divided by 15.
8
Calculate the remainder when 929 is divided by 156.
149
Calculate the remainder when 273 is divided by 22.
9
What is the remainder when 314 is divided by 35?
34
Calculate the remainder when 189 is divided by 53.
30
What is the remainder when 461 is divided by 42?
41
What is the remainder when 473 is divided by 14?
11
What is the remainder when 320 is divided by 55?
45
Calculate the remainder when 532 is divided by 149.
85
What is the remainder when 53 is divided by 7?
4
What is the remainder when 34 is divided by 33?
1
Calculate the remainder when 300 is divided by 25.
0
Calculate the remainder when 1225 is divided by 28.
21
What is the remainder when 181 is divided by 8?
5
Calculate the remainder when 2387 is divided by 1178.
31
Calculate the remainder when 326 is divided by 109.
108
Calculate the remainder when 107 is divided by 36.
35
What is the remainder when 134 is divided by 38?
20
Calculate the remainder when 27 is divided by 13.
1
What is the remainder when 438 is divided by 8?
6
Calculate the remainder when 107 is divided by 21.
2
What is the remainder when 412 is divided by 59?
58
Calculate the remainder when 423 is divided by 112.
87
Calculate the remainder when 198 is divided by 29.
24
Calculate the remainder when 249 is divided by 14.
11
What is the remainder when 241 is divided by 240?
1
What is the remainder when 1033 is divided by 69?
67
What is the remainder when 185 is divided by 31?
30
Calculate the remainder when 15 is divided by 6.
3
Calculate the remainder when 161 is divided by 70.
21
Calculate the remainder when 9977 is divided by 4988.
1
What is the remainder when 47 is divided by 8?
7
Calculate the remainder when 1756 is divided by 40.
36
What is the remainder when 55 is divided by 8?
7
What is the remainder when 15 is divided by 4?
3
What is the remainder when 509 is divided by 265?
244
What is the remainder when 638 is divided by 107?
103
What is the remainder when 54 is divided by 36?
18
What is the remainder when 4892 is divided by 21?
20
Calculate the remainder when 756 is divided by 11.
8
Calculate the remainder when 11 is divided by 7.
4
Calculate the remainder when 118 is divided by 62.
56
What is the remainder when 1982 is divided by 17?
10
What is the remainder when 2265 is divided by 130?
55
What is the remainder when 119 is divided by 23?
4
Calculate the remainder when 985 is divided by 17.
16
Calculate the remainder when 1140 is divided by 187.
18
Calculate the remainder when 7798 is divided by 150.
148
What is the remainder when 148 is divided by 76?
72
Calculate the remainder when 128 is divided by 29.
12
Calculate the remainder when 350 is divided by 32.
30
What is the remainder when 215 is divided by 118?
97
Calculate the remainder when 8886 is divided by 247.
241
Calculate the remainder when 1638 is divided by 523.
69
What is the remainder when 40 is divided by 25?
15
What is the remainder when 318 is divided by 81?
75
Calculate the remainder when 224 is divided by 82.
60
What is the remainder when 210 is divided by 188?
22
What is the remainder when 13 is divided by 9?
4
Calculate the remainder when 8597 is divided by 20.
17
What is the remainder when 551 is divided by 110?
1
What is the remainder when 268 is divided by 18?
16
What is the remainder when 739 is divided by 57?
55
What is the remainder when 1947 is divided by 634?
45
What is the remainder when 829 is divided by 115?
24
Calculate the remainder when 162 is divided by 14.
8
Calculate the remainder when 3234 is divided by 642.
24
What is the remainder when 99 is divided by 31?
6
Calculate the remainder when 56 is divided by 24.
8
Calculate the remainder when 17 is divided by 5.
2
Calculate the remainder when 676 is divided by 94.
18
Calculate the remainder when 110 is divided by 37.
36
What is the remainder when 2445 is divided by 27?
15
Calculate the remainder when 212 is divided by 21.
2
Calculate the remainder when 183 is divided by 65.
53
What is the remainder when 1888 is divided by 34?
18
What is the remainder when 3769 is divided by 65?
64
Calculate the remainder when 801 is divided by 23.
19
Calculate the remainder when 792 is divided by 148.
52
What is the remainder when 472 is divided by 121?
109
Calculate the remainder when 643 is divided by 46.
45
What is the remainder when 1719 is divided by 429?
3
What is the remainder when 571 is divided by 72?
67
Calculate the remainder when 646 is divided by 46.
2
What is the remainder when 453 is divided by 10?
3
What is the remainder when 839 is divided by 67?
35
Calculate the remainder when 282 is divided by 26.
22
Calculate the remainder when 876 is divided by 869.
7
What is the remainder when 75 is divided by 71?
4
What is the remainder when 1149 is divided by 540?
69
Calculate the remainder when 1763 is divided by 17.
12
Calculate the remainder when 349 is divided by 9.
7
Calculate the remainder when 301 is divided by 15.
1
Calculate the remainder when 455 is divided by 46.
41
What is the remainder when 1681 is divided by 420?
1
Calculate the remainder when 1381 is divided by 63.
58
What is the remainder when 107 is divided by 94?
13
Calculate the remainder when 1013 is divided by 20.
13
Calculate the remainder when 170 is divided by 93.
77
Calculate the remainder when 423 is divided by 189.
45
Calculate the remainder when 76 is divided by 4.
0
Calculate the remainder when 111 is divided by 56.
55
Calculate the remainder when 325 is divided by 161.
3
Calculate the remainder when 52 is divided by 13.
0
Calculate the remainder when 14350 is divided by 48.
46
Calculate the remainder when 118 is divided by 17.
16
Calculate the remainder when 585 is divided by 98.
95
Calculate the remainder when 91 is divided by 46.
45
What is the remainder when 38 is